-7 + d. What is the remainder when r is divided by y?
8
Suppose 0*s + 5*s = -5*i, -i + s + 6 = 0. Suppose i*q - p = -2 + 9, 2*p + 5 = 3*q. Calculate the remainder when q is divided by 2.
1
Calculate the remainder when (1/3)/(1/18) is divided by 2.
0
Suppose -4*q + 5*q - 5 = 0. Suppose -q = -3*d + 1. What is the remainder when 2/(-5) + 111/15 is divided by d?
1
Let u(t) = -2*t + 27. What is the remainder when 107 is divided by u(0)?
26
Let n(h) be the third derivative of h**5/6 + h**3/6 + 3*h**2. What is the remainder when 30 is divided by n(1)?
8
Let x = 1 + -1. Suppose -o + 25 = -x*o. Let t(k) = k**3 + k**2 - k - 1. What is the remainder when o is divided by t(2)?
7
Calculate the remainder when (85 - -23) + 1 + 0/(-1) is divided by 8.
5
Let x be 0*(27/(-6))/(-9). Suppose x = 5*u - 7*u + 30. What is the remainder when (-338)/(-8) - (-1)/(-4) is divided by u?
12
Let b(g) = -g**3 + 23*g**2 - 42*g + 2. What is the remainder when 8 is divided by b(21)?
0
Suppose -g - 3*d + 5 + 12 = 0, 5*d = -4*g + 54. Calculate the remainder when 22 is divided by 3/6 - g/(-2).
4
Let r(m) = -m**2 - 5*m - 2. Let w be r(-7). Calculate the remainder when 28 is divided by (-2 - w) + (-5)/(-5).
13
Let d be 6/(-8) - (-25)/(-20). Let n be d/(-2)*(4 - -3). Let z(o) = 5*o + 8. What is the remainder when z(n) is divided by 11?
10
Calculate the remainder when 13 is divided by -1 - (-1 + 2)*-8.
6
Suppose 25 = 2*s - 3. Let g = 19 - s. Let y = -3 - -16. Calculate the remainder when y is divided by g.
3
Suppose 4*z = b + 8 + 3, 0 = 3*b - 3*z - 3. Suppose 0*h = 4*h + s - 74, -5*h + b*s + 105 = 0. What is the remainder when h is divided by 5?
4
Suppose 32 = 2*v - 0*v - 2*j, 5*v = 4*j + 79. Let o = -110 + 169. Calculate the remainder when o is divided by v.
14
Let z(q) = 4*q - 1. Let r(t) = 0 + 20*t + 1 + 1 - t. Calculate the remainder when r(1) is divided by z(3).
10
Let h(c) = 0*c - 3 + 2*c + 5. Let p be h(4). Suppose -p = -5*a + 60. What is the remainder when a is divided by 8?
6
Let k = -5 + 8. Suppose -3*a - 4*q - 3 = -12, 3*q - k = -a. Calculate the remainder when 10 is divided by -1 + 10 - 0 - a.
4
Let h(m) = -m**2 - 10*m - 17. Calculate the remainder when h(-5) is divided by 3.
2
Let u(h) = 5*h**2 - 2*h - 2*h**2 - 2*h**3 + 3*h**3. Let x be u(-3). Let s(n) = n**3 - 6*n**2 + 9*n - 9. What is the remainder when s(x) is divided by 12?
9
Suppose -1 = -2*l - 2*n + 17, -5*l = 2*n - 39. Suppose 3*p + l = -8. Let h = 8 - p. Calculate the remainder when 37 is divided by h.
11
Suppose d + 2*u + 3*u = 5, -3*d - 2*u = -2. Suppose -r + 33 + 16 = d. What is the remainder when r is divided by 13?
10
Let r(d) = d**3 + 7*d**2 + 9*d + 11. What is the remainder when 63 is divided by r(-5)?
15
Calculate the remainder when 0 + (-202)/(-4) - 11/(-22) is divided by 18.
15
Let w(y) = 13*y**3 - 15*y**2 - 4*y - 24. Let a(z) = 3*z**3 - 4*z**2 - z - 6. Let t(d) = -9*a(d) + 2*w(d). What is the remainder when t(5) is divided by 13?
10
Let h(o) = 2*o - 3. Let x(s) = -3*s + 4. Let w(f) = 4*h(f) + 3*x(f). Calculate the remainder when w(-11) is divided by 5.
1
Suppose q - 35 = 2*t, -3*q + 48 = -3*t + 3. Suppose -135 = -0*d - 3*d. Let n = t + d. Calculate the remainder when n is divided by 9.
7
Suppose 2*i - 5*v = 5*i + 55, -4*i - 2*v - 50 = 0. Let c = i - -16. What is the remainder when c is divided by 2 + (-2 - -2 - -2)?
2
What is the remainder when 28 - (2 + -6 + 0) is divided by (11/2)/((-3)/(-6))?
10
Suppose -4*l + 49 - 17 = 0. What is the remainder when 1 - (4/2 + -30) is divided by l?
5
Suppose -2*m + 3 = -m. Let a(q) = q**3 - 2*q**2 - 3*q + 3. What is the remainder when 7 is divided by a(m)?
1
Let a(v) = v**3 + 10*v**2 + 4. Let w be a(-10). Suppose -w*u + 7 + 49 = 0. What is the remainder when (-1 - (2 - 55)) + 1 is divided by u?
11
Let p(b) be the first derivative of -b**3/3 - b**2/2 + 4*b + 2. Let y be p(0). Suppose 0*h = -y*h + 92. Calculate the remainder when h is divided by 12.
11
Let g(v) = v**3 + v**2 - 3*v - 2. Let w be g(-2). Suppose -3*t - 28 = -x, -2*x - 3*t + 0*t + 56 = w. Calculate the remainder when x is divided by 15.
13
Let f(n) = -6 + 6*n - 4*n - n - 1. Let m(r) = r**2 - 4*r. Calculate the remainder when m(5) is divided by f(9).
1
Let g(l) = 2*l**3 - 5*l**2 + 2*l + 3. Let k be (-492)/(-9) - (-1)/3. Calculate the remainder when (k/5)/(1/3) is divided by g(3).
15
Let z(m) = 6*m - 11 - 3*m + m. Let q(j) = -j + 1. Let i(r) = -5*q(r) - z(r). What is the remainder when 1 is divided by i(-5)?
0
Let m be (-1 - 3)*3/6. What is the remainder when ((-12)/8)/(m/12) is divided by 5?
4
Let p = 5 - 2. Calculate the remainder when 11 is divided by p.
2
Let s = -7 - -37. Suppose 16 = 65*p - 63*p. What is the remainder when s is divided by p?
6
Suppose -4*h + 5*r = -62, -3*r = h - 0*r - 7. What is the remainder when h is divided by 7?
6
Let w = 40 - 22. Let f be 147/28 + 6/8. Suppose 2*q = w - f. Calculate the remainder when 11 is divided by q.
5
Suppose 107 = 5*o - 223. Suppose -3*i + 2*x + 29 = 75, -o = 4*i + 2*x. Let d = i + 28. Calculate the remainder when 46 is divided by d.
10
Suppose o + 12 = 3*f + 2*f, -f + o + 4 = 0. Suppose -t + 5*n = -3*t - 23, f*n = -5*t - 5. Calculate the remainder when t is divided by 1.
0
Let x(n) = -12*n - 5. Calculate the remainder when x(-2) is divided by 10.
9
Let f = -4 - -5. Suppose -p = 2*j - 21, -12 = -j - p + f. Let t(q) = q**2 - 2*q + 1. What is the remainder when t(j) is divided by 17?
15
Suppose -2*w + g - 7 = 0, 2*w + w + 2*g = -28. Let k = 4 - w. What is the remainder when 37 is divided by k?
7
Let u = 28 + -72. Let f = -17 - u. What is the remainder when f is divided by 14?
13
Let s = -54 - -109. Calculate the remainder when s is divided by 29.
26
Suppose 3*j + 3*k - 33 = 0, k = -j - 3*k + 26. Suppose 5*i + j - 91 = 0. What is the remainder when i is divided by 6?
5
Suppose f - 20 = -0*v + v, 4*v = 4. Suppose -85 = -11*a + 36. What is the remainder when f is divided by a?
10
Suppose 0*f + 4 = f. Suppose i + 10 = -4*i, -2*l - f*i + 10 = 0. What is the remainder when 25 is divided by l?
7
Let c be 1/(-3 + 16/4). What is the remainder when 13 + 1 + -1 + c is divided by 5?
4
Let g = 8 + -5. What is the remainder when 10 is divided by g?
1
Calculate the remainder when (-15)/(-6) - 3/(-2) is divided by 1.
0
Let n(v) = -6*v - 5. Let x = 7 - 11. Let a be n(x). Let r = a + 15. What is the remainder when r is divided by 12?
10
Suppose 0 = -5*d + s + 184, -4*d + 120 = -4*s - 40. Calculate the remainder when 179 is divided by d.
35
Suppose 0 = -4*r - 2*l - 6, -l - 3*l = 12. Suppose -6 = -3*q - r. Calculate the remainder when 4 is divided by q.
0
Let v(d) = -d + 4. Suppose -11 = -9*y + 43. Calculate the remainder when v(-6) is divided by y.
4
Calculate the remainder when (-16)/72 - 677/(-9) is divided by 19.
18
Let u(i) = i**3 - 7*i**2 + 2*i - 6. Let h be u(7). Suppose 0 = 5*g - h - 17. What is the remainder when 13 is divided by g?
3
What is the remainder when (-38)/(-4) + (-7)/14 is divided by 5?
4
Let p = 59 - 37. What is the remainder when 108 is divided by p?
20
Suppose -y + 36 = 3*y. Let k be y + (-3)/3 + -2. Calculate the remainder when 30 is divided by ((-12)/(-10))/(k/80).
14
Let g(n) be the third derivative of -n**6/120 - n**5/10 - 7*n**4/24 - 5*n**3/6 - n**2. Suppose 2*b + 0 = -10. Calculate the remainder when g(b) is divided by 4.
1
Let u(t) = 2*t**3 - t**2 - 2*t - 3. Let v be u(-3). Let r = 85 + v. What is the remainder when 74 is divided by r?
24
Let g(m) = -m. Let u be g(-5). Suppose 0 = -o - u*a + 32, 3*o + 2*o = -5*a + 80. Calculate the remainder when 34 is divided by o.
10
Suppose -4 = 4*a + 4. Let p = -13 - a. Let x = p - -20. What is the remainder when 17 is divided by x?
8
Let k(l) = -22*l**3 - l**2 - 2*l - 1. Calculate the remainder when 41 is divided by k(-1).
19
Suppose 4*h = 48 - 8. Suppose -h = -2*k + 4. What is the remainder when k is divided by -8*(-2)/(3 - -1)?
3
Suppose 0 = 3*m - 257 - 106. Calculate the remainder when m is divided by 41.
39
Let u(i) = i**3 - 7*i**2 + 8*i + 2. What is the remainder when u(6) is divided by 0 + (5*-2)/(-2)?
4
Suppose 2*x + 12 = 4*x. Calculate the remainder when 39 is divided by (20/3)/(2/x).
19
Calculate the remainder when 27 is divided by (-1)/10 + 102/20.
2
Let z(r) = r**3 + 4*r**2 + r - 3. Let d be z(